{"id":8,"date":"2023-03-31T20:46:16","date_gmt":"2023-03-31T18:46:16","guid":{"rendered":"https:\/\/www.ksg-badminton.de\/Badminton\/?page_id=8"},"modified":"2023-04-05T23:08:33","modified_gmt":"2023-04-05T21:08:33","slug":"berichte","status":"publish","type":"page","link":"https:\/\/www.ksg-badminton.de\/Badminton\/berichte\/","title":{"rendered":"Berichte"},"content":{"rendered":"\n<div class=\"wp-block-columns is-layout-flex wp-container-core-columns-is-layout-9d6595d7 wp-block-columns-is-layout-flex\">\n<div class=\"wp-block-column is-layout-flow wp-block-column-is-layout-flow\" style=\"flex-basis:66.66%\">\n<div class=\"wp-block-query is-layout-flow wp-block-query-is-layout-flow\"><ul class=\"wp-block-post-template is-layout-flow wp-block-post-template-is-layout-flow\"><li class=\"wp-block-post post-1076 post type-post status-publish format-standard has-post-thumbnail hentry category-42 category-berichte\">\n<div class=\"wp-block-post-date has-medium-font-size\"><time datetime=\"2026-03-21T23:46:48+01:00\">21. M\u00e4rz 2026<\/time><\/div>\n\n<h2 style=\"text-transform:none;\" class=\"wp-block-post-title has-large-font-size\"><a href=\"https:\/\/www.ksg-badminton.de\/Badminton\/2026\/03\/21\/8-mannschaftsspieltag-5\/\" target=\"_self\" >8. Mannschaftsspieltag<\/a><\/h2>\n\n<figure class=\"alignwide wp-block-post-featured-image\"><a href=\"https:\/\/www.ksg-badminton.de\/Badminton\/2026\/03\/21\/8-mannschaftsspieltag-5\/\" target=\"_self\"  ><img loading=\"lazy\" decoding=\"async\" width=\"600\" height=\"250\" src=\"https:\/\/www.ksg-badminton.de\/Badminton\/wp-content\/uploads\/2024\/10\/Mannschaftsspieltag.jpg\" class=\"attachment-post-thumbnail size-post-thumbnail wp-post-image\" alt=\"8. Mannschaftsspieltag\" style=\"object-fit:cover;\" srcset=\"https:\/\/www.ksg-badminton.de\/Badminton\/wp-content\/uploads\/2024\/10\/Mannschaftsspieltag.jpg 600w, https:\/\/www.ksg-badminton.de\/Badminton\/wp-content\/uploads\/2024\/10\/Mannschaftsspieltag-300x125.jpg 300w\" sizes=\"auto, (max-width: 600px) 100vw, 600px\" \/><\/a><\/figure>\n\n<div style=\"font-size:15px;\" class=\"wp-block-post-excerpt\"><p class=\"wp-block-post-excerpt__excerpt\">1. Mannschaft 2. Mannschaft Saisonabschluss ohne Druck Am 21. M\u00e4rz 2026 stand f\u00fcr die KSG Gerlingen der letzte Spieltag der Saison auf dem Programm. Nach der bereits vorzeitig gesicherten Meisterschaft und dem damit verbundenen Wiederaufstieg in die Baden-W\u00fcrttemberg-Liga konnte das Team entspannt in den Heimspieltag gehen. Die urspr\u00fcnglich angesetzte Vormittagspartie&#8230; <\/p><\/div>\n\n\n<hr class=\"wp-block-separator has-css-opacity is-style-wide\"\/>\n\n<\/li><li class=\"wp-block-post post-1071 post type-post status-publish format-standard has-post-thumbnail hentry category-42 category-berichte\">\n<div class=\"wp-block-post-date has-medium-font-size\"><time datetime=\"2026-03-17T16:53:21+01:00\">17. M\u00e4rz 2026<\/time><\/div>\n\n<h2 style=\"text-transform:none;\" class=\"wp-block-post-title has-large-font-size\"><a href=\"https:\/\/www.ksg-badminton.de\/Badminton\/2026\/03\/17\/1-d-ranglistenturnier-der-jugend-in-kleiningersheim\/\" target=\"_self\" >1. D-Ranglistenturnier der Jugend in Kleiningersheim<\/a><\/h2>\n\n<figure class=\"alignwide wp-block-post-featured-image\"><a href=\"https:\/\/www.ksg-badminton.de\/Badminton\/2026\/03\/17\/1-d-ranglistenturnier-der-jugend-in-kleiningersheim\/\" target=\"_self\"  ><img loading=\"lazy\" decoding=\"async\" width=\"600\" height=\"250\" src=\"https:\/\/www.ksg-badminton.de\/Badminton\/wp-content\/uploads\/2026\/03\/20260315_jug_d-rlt.jpg\" class=\"attachment-post-thumbnail size-post-thumbnail wp-post-image\" alt=\"1. D-Ranglistenturnier der Jugend in Kleiningersheim\" style=\"object-fit:cover;\" srcset=\"https:\/\/www.ksg-badminton.de\/Badminton\/wp-content\/uploads\/2026\/03\/20260315_jug_d-rlt.jpg 600w, https:\/\/www.ksg-badminton.de\/Badminton\/wp-content\/uploads\/2026\/03\/20260315_jug_d-rlt-300x125.jpg 300w\" sizes=\"auto, (max-width: 600px) 100vw, 600px\" \/><\/a><\/figure>\n\n<div style=\"font-size:15px;\" class=\"wp-block-post-excerpt\"><p class=\"wp-block-post-excerpt__excerpt\">Am 14.\/15.03.2026 fand in Kleiningersheim das 1. D-Ranglistenturnier statt. Am Samstag spielten die j\u00fcngeren Altersklassen und wir hatten mit Kai Widera (U11) einen Spieler am Start. Am Sonntag traten dann Jessica Knobloch (U19) und Simon Nieder (U19) an. Kai spielte bei 10 Teilnehmern direkt im Hauptfeld und musste in der&#8230; <\/p><\/div>\n\n\n<hr class=\"wp-block-separator has-css-opacity is-style-wide\"\/>\n\n<\/li><li class=\"wp-block-post post-1055 post type-post status-publish format-standard has-post-thumbnail hentry category-42 category-berichte\">\n<div class=\"wp-block-post-date has-medium-font-size\"><time datetime=\"2026-03-07T21:59:39+01:00\">7. M\u00e4rz 2026<\/time><\/div>\n\n<h2 style=\"text-transform:none;\" class=\"wp-block-post-title has-large-font-size\"><a href=\"https:\/\/www.ksg-badminton.de\/Badminton\/2026\/03\/07\/7-mannschaftsspieltag-3\/\" target=\"_self\" >7. Mannschaftsspieltag<\/a><\/h2>\n\n<figure class=\"alignwide wp-block-post-featured-image\"><a href=\"https:\/\/www.ksg-badminton.de\/Badminton\/2026\/03\/07\/7-mannschaftsspieltag-3\/\" target=\"_self\"  ><img loading=\"lazy\" decoding=\"async\" width=\"600\" height=\"250\" src=\"https:\/\/www.ksg-badminton.de\/Badminton\/wp-content\/uploads\/2024\/10\/Mannschaftsspieltag.jpg\" class=\"attachment-post-thumbnail size-post-thumbnail wp-post-image\" alt=\"7. Mannschaftsspieltag\" style=\"object-fit:cover;\" srcset=\"https:\/\/www.ksg-badminton.de\/Badminton\/wp-content\/uploads\/2024\/10\/Mannschaftsspieltag.jpg 600w, https:\/\/www.ksg-badminton.de\/Badminton\/wp-content\/uploads\/2024\/10\/Mannschaftsspieltag-300x125.jpg 300w\" sizes=\"auto, (max-width: 600px) 100vw, 600px\" \/><\/a><\/figure>\n\n<div style=\"font-size:15px;\" class=\"wp-block-post-excerpt\"><p class=\"wp-block-post-excerpt__excerpt\">1. Mannschaft 2. Mannschaft KSG Gerlingen kr\u00f6nt starke Saison mit Meistertitel und Aufstieg Am vorletzten Spieltag der W\u00fcrttemberg-Liga empfing die KSG Gerlingen am 7. M\u00e4rz 2026 die Teams der TSG S\u00f6flingen und der SG Dornstadt\/Laupheim in heimischer Halle. Mit zwei weiteren Siegen setzte die Mannschaft ihre beeindruckende Saison fort \u2013&#8230; <\/p><\/div>\n\n\n<hr class=\"wp-block-separator has-css-opacity is-style-wide\"\/>\n\n<\/li><li class=\"wp-block-post post-1049 post type-post status-publish format-standard has-post-thumbnail hentry category-42 category-berichte\">\n<div class=\"wp-block-post-date has-medium-font-size\"><time datetime=\"2026-02-21T20:57:52+01:00\">21. Februar 2026<\/time><\/div>\n\n<h2 style=\"text-transform:none;\" class=\"wp-block-post-title has-large-font-size\"><a href=\"https:\/\/www.ksg-badminton.de\/Badminton\/2026\/02\/21\/6-mannschaftsspieltag-3\/\" target=\"_self\" >6. Mannschaftsspieltag<\/a><\/h2>\n\n<figure class=\"alignwide wp-block-post-featured-image\"><a href=\"https:\/\/www.ksg-badminton.de\/Badminton\/2026\/02\/21\/6-mannschaftsspieltag-3\/\" target=\"_self\"  ><img loading=\"lazy\" decoding=\"async\" width=\"600\" height=\"250\" src=\"https:\/\/www.ksg-badminton.de\/Badminton\/wp-content\/uploads\/2024\/10\/Mannschaftsspieltag.jpg\" class=\"attachment-post-thumbnail size-post-thumbnail wp-post-image\" alt=\"6. Mannschaftsspieltag\" style=\"object-fit:cover;\" srcset=\"https:\/\/www.ksg-badminton.de\/Badminton\/wp-content\/uploads\/2024\/10\/Mannschaftsspieltag.jpg 600w, https:\/\/www.ksg-badminton.de\/Badminton\/wp-content\/uploads\/2024\/10\/Mannschaftsspieltag-300x125.jpg 300w\" sizes=\"auto, (max-width: 600px) 100vw, 600px\" \/><\/a><\/figure>\n\n<div style=\"font-size:15px;\" class=\"wp-block-post-excerpt\"><p class=\"wp-block-post-excerpt__excerpt\">1. Mannschaft 2. Mannschaft <\/p><\/div>\n\n\n<hr class=\"wp-block-separator has-css-opacity is-style-wide\"\/>\n\n<\/li><li class=\"wp-block-post post-1044 post type-post status-publish format-standard has-post-thumbnail hentry category-42 category-berichte\">\n<div class=\"wp-block-post-date has-medium-font-size\"><time datetime=\"2026-02-09T21:02:55+01:00\">9. Februar 2026<\/time><\/div>\n\n<h2 style=\"text-transform:none;\" class=\"wp-block-post-title has-large-font-size\"><a href=\"https:\/\/www.ksg-badminton.de\/Badminton\/2026\/02\/09\/2-e-ranglistenturnier-der-jugend-in-heubach-2\/\" target=\"_self\" >2. E-Ranglistenturnier der Jugend in Heubach<\/a><\/h2>\n\n<figure class=\"alignwide wp-block-post-featured-image\"><a href=\"https:\/\/www.ksg-badminton.de\/Badminton\/2026\/02\/09\/2-e-ranglistenturnier-der-jugend-in-heubach-2\/\" target=\"_self\"  ><img loading=\"lazy\" decoding=\"async\" width=\"600\" height=\"250\" src=\"https:\/\/www.ksg-badminton.de\/Badminton\/wp-content\/uploads\/2026\/02\/20260207_jug_e-rlt.jpg\" class=\"attachment-post-thumbnail size-post-thumbnail wp-post-image\" alt=\"2. E-Ranglistenturnier der Jugend in Heubach\" style=\"object-fit:cover;\" srcset=\"https:\/\/www.ksg-badminton.de\/Badminton\/wp-content\/uploads\/2026\/02\/20260207_jug_e-rlt.jpg 600w, https:\/\/www.ksg-badminton.de\/Badminton\/wp-content\/uploads\/2026\/02\/20260207_jug_e-rlt-300x125.jpg 300w\" sizes=\"auto, (max-width: 600px) 100vw, 600px\" \/><\/a><\/figure>\n\n<div style=\"font-size:15px;\" class=\"wp-block-post-excerpt\"><p class=\"wp-block-post-excerpt__excerpt\">Am 07.02.2026 fand das 2. E-Ranglistenturnier in Heubach statt. Dieses Mal waren Kai Widera (U11), Raphael Neuburger (U15), Rasmus Sch\u00e4fer (U15), Mathis Vandamme (U17), Simon Nieder (U19) und Jessica Knobloch (U19) dabei. Auch bei diesem Turnier wurde aufgrund der hohen Teilnehmerzahl mit verk\u00fcrzten S\u00e4tzen bis 15 ohne Verl\u00e4ngerung gespielt. Kai&#8230; <\/p><\/div>\n\n\n<hr class=\"wp-block-separator has-css-opacity is-style-wide\"\/>\n\n<\/li><li class=\"wp-block-post post-1041 post type-post status-publish format-standard has-post-thumbnail hentry category-42 category-berichte\">\n<div class=\"wp-block-post-date has-medium-font-size\"><time datetime=\"2026-02-08T20:28:54+01:00\">8. Februar 2026<\/time><\/div>\n\n<h2 style=\"text-transform:none;\" class=\"wp-block-post-title has-large-font-size\"><a href=\"https:\/\/www.ksg-badminton.de\/Badminton\/2026\/02\/08\/51-bwbv-altersklassenmeisterschaften-in-moessingen\/\" target=\"_self\" >51. BWBV Altersklassenmeisterschaften in M\u00f6ssingen<\/a><\/h2>\n\n<figure class=\"alignwide wp-block-post-featured-image\"><a href=\"https:\/\/www.ksg-badminton.de\/Badminton\/2026\/02\/08\/51-bwbv-altersklassenmeisterschaften-in-moessingen\/\" target=\"_self\"  ><img loading=\"lazy\" decoding=\"async\" width=\"600\" height=\"250\" src=\"https:\/\/www.ksg-badminton.de\/Badminton\/wp-content\/uploads\/2026\/02\/20260208_AK_BWBV-MS.jpg\" class=\"attachment-post-thumbnail size-post-thumbnail wp-post-image\" alt=\"51. BWBV Altersklassenmeisterschaften in M\u00f6ssingen\" style=\"object-fit:cover;\" srcset=\"https:\/\/www.ksg-badminton.de\/Badminton\/wp-content\/uploads\/2026\/02\/20260208_AK_BWBV-MS.jpg 600w, https:\/\/www.ksg-badminton.de\/Badminton\/wp-content\/uploads\/2026\/02\/20260208_AK_BWBV-MS-300x125.jpg 300w\" sizes=\"auto, (max-width: 600px) 100vw, 600px\" \/><\/a><\/figure>\n\n<div style=\"font-size:15px;\" class=\"wp-block-post-excerpt\"><p class=\"wp-block-post-excerpt__excerpt\">Am 7. und 8. Februar 2026 fanden die 51. Baden-W\u00fcrttembergischen Altersklassenmeisterschaften in M\u00f6ssingen statt. Am Samstag starteten Shaohua Rong und Thorsten Schumann im Herreneinzel O40 f\u00fcr die KSG Gerlingen. Rongs Achtelfinale begann sehr ausgeglichen. Kein Spieler konnte sich wirklich absetzten. Leider verlor Rong den ersten Satz am Ende knapp in&#8230; <\/p><\/div>\n\n\n<hr class=\"wp-block-separator has-css-opacity is-style-wide\"\/>\n\n<\/li><li class=\"wp-block-post post-1030 post type-post status-publish format-standard has-post-thumbnail hentry category-42 category-berichte\">\n<div class=\"wp-block-post-date has-medium-font-size\"><time datetime=\"2026-01-31T22:51:10+01:00\">31. Januar 2026<\/time><\/div>\n\n<h2 style=\"text-transform:none;\" class=\"wp-block-post-title has-large-font-size\"><a href=\"https:\/\/www.ksg-badminton.de\/Badminton\/2026\/01\/31\/5-mannschaftsspieltag-6\/\" target=\"_self\" >5. Mannschaftsspieltag<\/a><\/h2>\n\n<figure class=\"alignwide wp-block-post-featured-image\"><a href=\"https:\/\/www.ksg-badminton.de\/Badminton\/2026\/01\/31\/5-mannschaftsspieltag-6\/\" target=\"_self\"  ><img loading=\"lazy\" decoding=\"async\" width=\"600\" height=\"250\" src=\"https:\/\/www.ksg-badminton.de\/Badminton\/wp-content\/uploads\/2024\/10\/Mannschaftsspieltag.jpg\" class=\"attachment-post-thumbnail size-post-thumbnail wp-post-image\" alt=\"5. Mannschaftsspieltag\" style=\"object-fit:cover;\" srcset=\"https:\/\/www.ksg-badminton.de\/Badminton\/wp-content\/uploads\/2024\/10\/Mannschaftsspieltag.jpg 600w, https:\/\/www.ksg-badminton.de\/Badminton\/wp-content\/uploads\/2024\/10\/Mannschaftsspieltag-300x125.jpg 300w\" sizes=\"auto, (max-width: 600px) 100vw, 600px\" \/><\/a><\/figure>\n\n<div style=\"font-size:15px;\" class=\"wp-block-post-excerpt\"><p class=\"wp-block-post-excerpt__excerpt\">1. Mannschaft 2. Mannschaft KSG Gerlingen bleibt ungeschlagen Zum Auftakt der R\u00fcckrunde stand f\u00fcr die KSG Gerlingen am 5. Spieltag eine Begegnung gegen die SpVgg M\u00f6ssingen II an. Gerlingen zeigte trotz personeller Einschr\u00e4nkungen erneut eine geschlossene Mannschaftsleistung und setzte sich am Ende verdient mit 6:2 durch.Bereits in den Doppeln legte&#8230; <\/p><\/div>\n\n\n<hr class=\"wp-block-separator has-css-opacity is-style-wide\"\/>\n\n<\/li><li class=\"wp-block-post post-1027 post type-post status-publish format-standard has-post-thumbnail hentry category-42 category-berichte\">\n<div class=\"wp-block-post-date has-medium-font-size\"><time datetime=\"2026-01-25T19:35:47+01:00\">25. Januar 2026<\/time><\/div>\n\n<h2 style=\"text-transform:none;\" class=\"wp-block-post-title has-large-font-size\"><a href=\"https:\/\/www.ksg-badminton.de\/Badminton\/2026\/01\/25\/1-e-ranglistenturnier-der-jugend-in-schlechtbach\/\" target=\"_self\" >1. E-Ranglistenturnier der Jugend in Schlechtbach<\/a><\/h2>\n\n<figure class=\"alignwide wp-block-post-featured-image\"><a href=\"https:\/\/www.ksg-badminton.de\/Badminton\/2026\/01\/25\/1-e-ranglistenturnier-der-jugend-in-schlechtbach\/\" target=\"_self\"  ><img loading=\"lazy\" decoding=\"async\" width=\"600\" height=\"250\" src=\"https:\/\/www.ksg-badminton.de\/Badminton\/wp-content\/uploads\/2026\/01\/20260124_jug_e-rlt.jpg\" class=\"attachment-post-thumbnail size-post-thumbnail wp-post-image\" alt=\"1. E-Ranglistenturnier der Jugend in Schlechtbach\" style=\"object-fit:cover;\" srcset=\"https:\/\/www.ksg-badminton.de\/Badminton\/wp-content\/uploads\/2026\/01\/20260124_jug_e-rlt.jpg 600w, https:\/\/www.ksg-badminton.de\/Badminton\/wp-content\/uploads\/2026\/01\/20260124_jug_e-rlt-300x125.jpg 300w\" sizes=\"auto, (max-width: 600px) 100vw, 600px\" \/><\/a><\/figure>\n\n<div style=\"font-size:15px;\" class=\"wp-block-post-excerpt\"><p class=\"wp-block-post-excerpt__excerpt\">Das neue Badmintonjahr f\u00fcr die Jugendlichen startete am 24.01.2026 mit dem 1. E-Ranglistenturnier in Schlechtbach. Da sich die Altersklasseneinteilung zu Beginn eines jeden Jahres \u00e4ndert, bedeutete das f\u00fcr manchen Spieler\/in, dass er nun eine AK h\u00f6her spielen muss. Von unserer Abteilung waren Mithila Santhoshkumar (U11), Kai Widera (U11), Anton Ebert&#8230; <\/p><\/div>\n\n\n<hr class=\"wp-block-separator has-css-opacity is-style-wide\"\/>\n\n<\/li><li class=\"wp-block-post post-1022 post type-post status-publish format-standard has-post-thumbnail hentry category-42 category-berichte\">\n<div class=\"wp-block-post-date has-medium-font-size\"><time datetime=\"2026-01-24T08:15:29+01:00\">24. Januar 2026<\/time><\/div>\n\n<h2 style=\"text-transform:none;\" class=\"wp-block-post-title has-large-font-size\"><a href=\"https:\/\/www.ksg-badminton.de\/Badminton\/2026\/01\/24\/bezirksrangliste-der-erwachsenen-in-stuttgart-degerloch-2\/\" target=\"_self\" >Bezirksrangliste der Erwachsenen in Stuttgart-Degerloch<\/a><\/h2>\n\n<figure class=\"alignwide wp-block-post-featured-image\"><a href=\"https:\/\/www.ksg-badminton.de\/Badminton\/2026\/01\/24\/bezirksrangliste-der-erwachsenen-in-stuttgart-degerloch-2\/\" target=\"_self\"  ><img loading=\"lazy\" decoding=\"async\" width=\"600\" height=\"250\" src=\"https:\/\/www.ksg-badminton.de\/Badminton\/wp-content\/uploads\/2026\/01\/20260117_akt_2_bez_rlt.jpg\" class=\"attachment-post-thumbnail size-post-thumbnail wp-post-image\" alt=\"Bezirksrangliste der Erwachsenen in Stuttgart-Degerloch\" style=\"object-fit:cover;\" srcset=\"https:\/\/www.ksg-badminton.de\/Badminton\/wp-content\/uploads\/2026\/01\/20260117_akt_2_bez_rlt.jpg 600w, https:\/\/www.ksg-badminton.de\/Badminton\/wp-content\/uploads\/2026\/01\/20260117_akt_2_bez_rlt-300x125.jpg 300w\" sizes=\"auto, (max-width: 600px) 100vw, 600px\" \/><\/a><\/figure>\n\n<div style=\"font-size:15px;\" class=\"wp-block-post-excerpt\"><p class=\"wp-block-post-excerpt__excerpt\">Am 18. Januar 2026 stand das erste Turnier des Jahres in Stuttgart auf dem Programm. Die KSG wurde dabei von Amelie Golbs, Lara Gerlach, Mui Berkemer, Patrick Heimann, Frederik Wahl, Thorsten Schumann und Peter Wei\u00df vertreten. Begonnen wurde mit den Einzeln gefolgt vom Doppel. Amelie und Lara traten im DE&#8230; <\/p><\/div>\n\n\n<hr class=\"wp-block-separator has-css-opacity is-style-wide\"\/>\n\n<\/li><li class=\"wp-block-post post-1012 post type-post status-publish format-standard has-post-thumbnail hentry category-33 category-berichte\">\n<div class=\"wp-block-post-date has-medium-font-size\"><time datetime=\"2025-12-13T21:14:23+01:00\">13. Dezember 2025<\/time><\/div>\n\n<h2 style=\"text-transform:none;\" class=\"wp-block-post-title has-large-font-size\"><a href=\"https:\/\/www.ksg-badminton.de\/Badminton\/2025\/12\/13\/4-mannschaftsspieltag-3\/\" target=\"_self\" >4. Mannschaftsspieltag<\/a><\/h2>\n\n<figure class=\"alignwide wp-block-post-featured-image\"><a href=\"https:\/\/www.ksg-badminton.de\/Badminton\/2025\/12\/13\/4-mannschaftsspieltag-3\/\" target=\"_self\"  ><img loading=\"lazy\" decoding=\"async\" width=\"600\" height=\"250\" src=\"https:\/\/www.ksg-badminton.de\/Badminton\/wp-content\/uploads\/2024\/10\/Mannschaftsspieltag.jpg\" class=\"attachment-post-thumbnail size-post-thumbnail wp-post-image\" alt=\"4. Mannschaftsspieltag\" style=\"object-fit:cover;\" srcset=\"https:\/\/www.ksg-badminton.de\/Badminton\/wp-content\/uploads\/2024\/10\/Mannschaftsspieltag.jpg 600w, https:\/\/www.ksg-badminton.de\/Badminton\/wp-content\/uploads\/2024\/10\/Mannschaftsspieltag-300x125.jpg 300w\" sizes=\"auto, (max-width: 600px) 100vw, 600px\" \/><\/a><\/figure>\n\n<div style=\"font-size:15px;\" class=\"wp-block-post-excerpt\"><p class=\"wp-block-post-excerpt__excerpt\">1. Mannschaft 2. Mannschaft KSG Gerlingen \u00fcberwintert an der Tabellenspitze Am Samstag, den 13. Dezember 2025, stand f\u00fcr die KSG Gerlingen der letzte Spieltag der Hinrunde in der W\u00fcrttemberg-Liga auf dem Programm. Ausw\u00e4rts ging es zun\u00e4chst zum VfL Herrenberg, ehe am Abend das mit Spannung erwartete Duell gegen den direkten&#8230; <\/p><\/div>\n\n\n<hr class=\"wp-block-separator has-css-opacity is-style-wide\"\/>\n\n<\/li><\/ul><\/div>\n<\/div>\n\n\n\n<div class=\"wp-block-column is-layout-flow wp-block-column-is-layout-flow\" style=\"flex-basis:25%\">\n<h5 class=\"wp-block-heading\"><br>Archive<\/h5>\n\n\n<ul class=\"wp-block-archives-list wp-block-archives\">\t<li><a href='https:\/\/www.ksg-badminton.de\/Badminton\/2026\/03\/'>M\u00e4rz 2026<\/a><\/li>\n\t<li><a href='https:\/\/www.ksg-badminton.de\/Badminton\/2026\/02\/'>Februar 2026<\/a><\/li>\n\t<li><a href='https:\/\/www.ksg-badminton.de\/Badminton\/2026\/01\/'>Januar 2026<\/a><\/li>\n\t<li><a href='https:\/\/www.ksg-badminton.de\/Badminton\/2025\/12\/'>Dezember 2025<\/a><\/li>\n\t<li><a href='https:\/\/www.ksg-badminton.de\/Badminton\/2025\/11\/'>November 2025<\/a><\/li>\n\t<li><a href='https:\/\/www.ksg-badminton.de\/Badminton\/2025\/10\/'>Oktober 2025<\/a><\/li>\n\t<li><a href='https:\/\/www.ksg-badminton.de\/Badminton\/2025\/09\/'>September 2025<\/a><\/li>\n\t<li><a href='https:\/\/www.ksg-badminton.de\/Badminton\/2025\/07\/'>Juli 2025<\/a><\/li>\n\t<li><a href='https:\/\/www.ksg-badminton.de\/Badminton\/2025\/06\/'>Juni 2025<\/a><\/li>\n\t<li><a href='https:\/\/www.ksg-badminton.de\/Badminton\/2025\/05\/'>Mai 2025<\/a><\/li>\n\t<li><a href='https:\/\/www.ksg-badminton.de\/Badminton\/2025\/03\/'>M\u00e4rz 2025<\/a><\/li>\n\t<li><a href='https:\/\/www.ksg-badminton.de\/Badminton\/2025\/02\/'>Februar 2025<\/a><\/li>\n\t<li><a href='https:\/\/www.ksg-badminton.de\/Badminton\/2025\/01\/'>Januar 2025<\/a><\/li>\n\t<li><a href='https:\/\/www.ksg-badminton.de\/Badminton\/2024\/12\/'>Dezember 2024<\/a><\/li>\n\t<li><a href='https:\/\/www.ksg-badminton.de\/Badminton\/2024\/11\/'>November 2024<\/a><\/li>\n\t<li><a href='https:\/\/www.ksg-badminton.de\/Badminton\/2024\/10\/'>Oktober 2024<\/a><\/li>\n\t<li><a href='https:\/\/www.ksg-badminton.de\/Badminton\/2024\/09\/'>September 2024<\/a><\/li>\n\t<li><a href='https:\/\/www.ksg-badminton.de\/Badminton\/2024\/07\/'>Juli 2024<\/a><\/li>\n\t<li><a href='https:\/\/www.ksg-badminton.de\/Badminton\/2024\/06\/'>Juni 2024<\/a><\/li>\n\t<li><a href='https:\/\/www.ksg-badminton.de\/Badminton\/2024\/05\/'>Mai 2024<\/a><\/li>\n\t<li><a href='https:\/\/www.ksg-badminton.de\/Badminton\/2024\/04\/'>April 2024<\/a><\/li>\n\t<li><a href='https:\/\/www.ksg-badminton.de\/Badminton\/2024\/03\/'>M\u00e4rz 2024<\/a><\/li>\n\t<li><a href='https:\/\/www.ksg-badminton.de\/Badminton\/2024\/02\/'>Februar 2024<\/a><\/li>\n\t<li><a href='https:\/\/www.ksg-badminton.de\/Badminton\/2024\/01\/'>Januar 2024<\/a><\/li>\n\t<li><a href='https:\/\/www.ksg-badminton.de\/Badminton\/2023\/11\/'>November 2023<\/a><\/li>\n\t<li><a href='https:\/\/www.ksg-badminton.de\/Badminton\/2023\/10\/'>Oktober 2023<\/a><\/li>\n\t<li><a href='https:\/\/www.ksg-badminton.de\/Badminton\/2023\/09\/'>September 2023<\/a><\/li>\n\t<li><a href='https:\/\/www.ksg-badminton.de\/Badminton\/2023\/08\/'>August 2023<\/a><\/li>\n\t<li><a href='https:\/\/www.ksg-badminton.de\/Badminton\/2023\/07\/'>Juli 2023<\/a><\/li>\n\t<li><a href='https:\/\/www.ksg-badminton.de\/Badminton\/2023\/05\/'>Mai 2023<\/a><\/li>\n\t<li><a href='https:\/\/www.ksg-badminton.de\/Badminton\/2023\/04\/'>April 2023<\/a><\/li>\n\t<li><a href='https:\/\/www.ksg-badminton.de\/Badminton\/2023\/03\/'>M\u00e4rz 2023<\/a><\/li>\n\t<li><a href='https:\/\/www.ksg-badminton.de\/Badminton\/2023\/02\/'>Februar 2023<\/a><\/li>\n\t<li><a href='https:\/\/www.ksg-badminton.de\/Badminton\/2023\/01\/'>Januar 2023<\/a><\/li>\n\t<li><a href='https:\/\/www.ksg-badminton.de\/Badminton\/2022\/12\/'>Dezember 2022<\/a><\/li>\n\t<li><a href='https:\/\/www.ksg-badminton.de\/Badminton\/2022\/11\/'>November 2022<\/a><\/li>\n\t<li><a href='https:\/\/www.ksg-badminton.de\/Badminton\/2022\/10\/'>Oktober 2022<\/a><\/li>\n\t<li><a href='https:\/\/www.ksg-badminton.de\/Badminton\/2022\/09\/'>September 2022<\/a><\/li>\n<\/ul><\/div>\n<\/div>\n\n\n\n<p><\/p>\n","protected":false},"excerpt":{"rendered":"<p>Archive<\/p>\n","protected":false},"author":1,"featured_media":0,"parent":0,"menu_order":0,"comment_status":"closed","ping_status":"closed","template":"","meta":{"footnotes":""},"ppma_author":[13],"class_list":["post-8","page","type-page","status-publish","hentry"],"_links":{"self":[{"href":"https:\/\/www.ksg-badminton.de\/Badminton\/wp-json\/wp\/v2\/pages\/8","targetHints":{"allow":["GET"]}}],"collection":[{"href":"https:\/\/www.ksg-badminton.de\/Badminton\/wp-json\/wp\/v2\/pages"}],"about":[{"href":"https:\/\/www.ksg-badminton.de\/Badminton\/wp-json\/wp\/v2\/types\/page"}],"author":[{"embeddable":true,"href":"https:\/\/www.ksg-badminton.de\/Badminton\/wp-json\/wp\/v2\/users\/1"}],"replies":[{"embeddable":true,"href":"https:\/\/www.ksg-badminton.de\/Badminton\/wp-json\/wp\/v2\/comments?post=8"}],"version-history":[{"count":17,"href":"https:\/\/www.ksg-badminton.de\/Badminton\/wp-json\/wp\/v2\/pages\/8\/revisions"}],"predecessor-version":[{"id":148,"href":"https:\/\/www.ksg-badminton.de\/Badminton\/wp-json\/wp\/v2\/pages\/8\/revisions\/148"}],"wp:attachment":[{"href":"https:\/\/www.ksg-badminton.de\/Badminton\/wp-json\/wp\/v2\/media?parent=8"}],"wp:term":[{"taxonomy":"author","embeddable":true,"href":"https:\/\/www.ksg-badminton.de\/Badminton\/wp-json\/wp\/v2\/ppma_author?post=8"}],"curies":[{"name":"wp","href":"https:\/\/api.w.org\/{rel}","templated":true}]}}