{"id":605,"date":"2024-06-07T22:54:35","date_gmt":"2024-06-07T20:54:35","guid":{"rendered":"https:\/\/www.ksg-badminton.de\/Badminton\/?page_id=605"},"modified":"2025-05-18T19:20:23","modified_gmt":"2025-05-18T17:20:23","slug":"siegerfotos-von-der-3-e-rlt-15-06-2024","status":"publish","type":"page","link":"https:\/\/www.ksg-badminton.de\/Badminton\/siegerfotos-von-der-3-e-rlt-15-06-2024\/","title":{"rendered":"Siegerfotos von der 3. E-RLT 17.05.2025"},"content":{"rendered":"\n<h2 class=\"wp-block-heading\"><\/h2>\n\n\n\n<p><a href=\"https:\/\/www.ksg-badminton.de\/Badminton\/wp-content\/uploads\/2025\/05\/20250517_ME_U11-scaled.jpg\" target=\"_blank\" rel=\"noreferrer noopener\">M\u00e4dcheneinzel U11<\/a><\/p>\n\n\n\n<p><a href=\"https:\/\/www.ksg-badminton.de\/Badminton\/wp-content\/uploads\/2025\/05\/20250517_JE_U11-scaled.jpg\" target=\"_blank\" rel=\"noreferrer noopener\">Jungeneinzel U11<\/a><\/p>\n\n\n\n<p><a href=\"https:\/\/www.ksg-badminton.de\/Badminton\/wp-content\/uploads\/2025\/05\/20250517_ME_U13-scaled.jpg\" target=\"_blank\" rel=\"noreferrer noopener\">M\u00e4dcheneinzel U13<\/a><\/p>\n\n\n\n<p><a href=\"https:\/\/www.ksg-badminton.de\/Badminton\/wp-content\/uploads\/2025\/05\/20250517_JE_U13-scaled.jpg\" target=\"_blank\" rel=\"noreferrer noopener\">Jungeneinzel U13<\/a><\/p>\n\n\n\n<p><a href=\"https:\/\/www.ksg-badminton.de\/Badminton\/wp-content\/uploads\/2025\/05\/20250517_ME_U15-scaled.jpg\" target=\"_blank\" rel=\"noreferrer noopener\">M\u00e4dcheneinzel U15<\/a><\/p>\n\n\n\n<p><a href=\"https:\/\/www.ksg-badminton.de\/Badminton\/wp-content\/uploads\/2025\/05\/20250517_JE_U15-scaled.jpg\" target=\"_blank\" rel=\"noreferrer noopener\">Jungeneinzel U15<\/a><\/p>\n\n\n\n<p><a href=\"https:\/\/www.ksg-badminton.de\/Badminton\/wp-content\/uploads\/2025\/05\/20250517_ME_U17-scaled.jpg\" target=\"_blank\" rel=\"noreferrer noopener\">M\u00e4dcheneinzel U17<\/a><\/p>\n\n\n\n<p><a href=\"https:\/\/www.ksg-badminton.de\/Badminton\/wp-content\/uploads\/2025\/05\/20250517_JE_U17-scaled.jpg\" target=\"_blank\" rel=\"noreferrer noopener\">Jungeneinzel U17<\/a><\/p>\n\n\n\n<p><a href=\"https:\/\/www.ksg-badminton.de\/Badminton\/wp-content\/uploads\/2025\/05\/20250517_ME_U19-scaled.jpg\" target=\"_blank\" rel=\"noreferrer noopener\">M\u00e4dcheneinzel U19<\/a><\/p>\n\n\n\n<p><a href=\"https:\/\/www.ksg-badminton.de\/Badminton\/wp-content\/uploads\/2025\/05\/20250517_JE_U19-scaled.jpg\" target=\"_blank\" rel=\"noreferrer noopener\">Jungeneinzel U19<\/a><\/p>\n\n\n\n<p><\/p>\n","protected":false},"excerpt":{"rendered":"<p>M\u00e4dcheneinzel U11 Jungeneinzel U11 M\u00e4dcheneinzel U13 Jungeneinzel U13 M\u00e4dcheneinzel U15 Jungeneinzel U15 M\u00e4dcheneinzel U17 Jungeneinzel U17 M\u00e4dcheneinzel U19 Jungeneinzel U19<\/p>\n","protected":false},"author":2,"featured_media":0,"parent":0,"menu_order":0,"comment_status":"closed","ping_status":"closed","template":"","meta":{"footnotes":""},"ppma_author":[20],"class_list":["post-605","page","type-page","status-publish","hentry"],"_links":{"self":[{"href":"https:\/\/www.ksg-badminton.de\/Badminton\/wp-json\/wp\/v2\/pages\/605","targetHints":{"allow":["GET"]}}],"collection":[{"href":"https:\/\/www.ksg-badminton.de\/Badminton\/wp-json\/wp\/v2\/pages"}],"about":[{"href":"https:\/\/www.ksg-badminton.de\/Badminton\/wp-json\/wp\/v2\/types\/page"}],"author":[{"embeddable":true,"href":"https:\/\/www.ksg-badminton.de\/Badminton\/wp-json\/wp\/v2\/users\/2"}],"replies":[{"embeddable":true,"href":"https:\/\/www.ksg-badminton.de\/Badminton\/wp-json\/wp\/v2\/comments?post=605"}],"version-history":[{"count":10,"href":"https:\/\/www.ksg-badminton.de\/Badminton\/wp-json\/wp\/v2\/pages\/605\/revisions"}],"predecessor-version":[{"id":884,"href":"https:\/\/www.ksg-badminton.de\/Badminton\/wp-json\/wp\/v2\/pages\/605\/revisions\/884"}],"wp:attachment":[{"href":"https:\/\/www.ksg-badminton.de\/Badminton\/wp-json\/wp\/v2\/media?parent=605"}],"wp:term":[{"taxonomy":"author","embeddable":true,"href":"https:\/\/www.ksg-badminton.de\/Badminton\/wp-json\/wp\/v2\/ppma_author?post=605"}],"curies":[{"name":"wp","href":"https:\/\/api.w.org\/{rel}","templated":true}]}}